{"id":6930,"date":"2021-05-27T18:58:54","date_gmt":"2021-05-27T16:58:54","guid":{"rendered":"https:\/\/sallesdangles.com\/?page_id=6930"},"modified":"2026-09-03T14:16:30","modified_gmt":"2026-09-03T12:16:30","slug":"sivos","status":"publish","type":"page","link":"https:\/\/sallesdangles.com\/index.php\/groupe-scolaire\/sivos\/","title":{"rendered":"SIVOS"},"content":{"rendered":"\n<p class=\"wp-block-paragraph\">L&rsquo;\u00e9cole de Salles d&rsquo;Angles fait partie du groupement scolaire du <strong>Syndicat Intercommunal \u00e0 VOcation Scolaire<\/strong> (SIVOS).<\/p>\n\n\n\n<h2 class=\"wp-block-heading\">Le SIVOS<\/h2>\n\n\n\n<p class=\"wp-block-paragraph\">Cr\u00e9er en 2017, le SIVOS est financ\u00e9 par les communes d\u2019Angeac-Champagne, Salles-d\u2019Angles et Saint-Fort-sur-le-N\u00e9.<\/p>\n\n\n\n<p class=\"wp-block-paragraph\">Le SIVOS g\u00e8re les cantines, les garderies et la navette qui relie les trois \u00e9coles (organisation et financement), notamment gr\u00e2ce \u00e0 l&#8217;emploi de 10 agents de services aux \u00e9coles.<\/p>\n\n\n\n<p class=\"wp-block-paragraph\">Il prend en charge des fournitures scolaires, du mat\u00e9riel p\u00e9dagogique, audiovisuel et informatique. <\/p>\n\n\n\n<p class=\"wp-block-paragraph\">Il participe financi\u00e8rement aux voyages et sortie scolaires ainsi qu&rsquo;aux projets scolaires (achats de jeux pour la r\u00e9cr\u00e9ation).<\/p>\n\n\n\n<p class=\"wp-block-paragraph\">Chaque ann\u00e9e, le SIVOS offre un jeu de soci\u00e9t\u00e9 par classe et des friandises \u00e0 la p\u00e9riode de No\u00ebl, et un livre \u00e0 chaque \u00e9l\u00e8ve en fin d&rsquo;ann\u00e9e scolaire.<\/p>\n\n\n\n<p class=\"wp-block-paragraph\" style=\"font-size:24px\"><strong>Les coordonn\u00e9es du SIVOS<\/strong><\/p>\n\n\n\n<p class=\"wp-block-paragraph\">Adresse du Secr\u00e9tariat : <em>8 bis Rue des Portes 16130 Saint Fort<\/em><\/p>\n\n\n\n<p class=\"wp-block-paragraph\"><\/p>\n\n\n\n<p class=\"wp-block-paragraph\">T\u00e9l\u00e9phone: 07 43 03 24 90<\/p>\n\n\n\n<p class=\"wp-block-paragraph\">Mail secr\u00e9tariat : <a href=\"mailto:sivos.acsasf@orange.fr\">sivos.acsasf@orange.fr<\/a><\/p>\n\n\n\n<p class=\"wp-block-paragraph\">Mail pr\u00e9sidente: <a href=\"mailto:ingrid.partaud@orange.fr\"><em>ingrid.partaud@orange.fr<\/em><\/a><\/p>\n\n\n\n<h3 class=\"wp-block-heading\">R\u00e9partition des classes par \u00e9tablissement scolaire<\/h3>\n\n\n\n<ul class=\"wp-block-list\">\n<li>Angeac-Champagne\n<ul class=\"wp-block-list\">\n<li>Quatre niveaux de maternelle r\u00e9partis dans deux classes<\/li>\n<\/ul>\n<\/li>\n\n\n\n<li>Saint-Fort-sur-le-N\u00e9\n<ul class=\"wp-block-list\">\n<li>Une classe regroupant CP <\/li>\n<\/ul>\n<\/li>\n\n\n\n<li>Salles-d\u2019Angles\n<ul class=\"wp-block-list\">\n<li>Quatre niveaux ( CE1, CE2, CM1 et CM2) r\u00e9partis dans deux classes<\/li>\n<\/ul>\n<\/li>\n<\/ul>\n\n\n\n<h3 class=\"wp-block-heading\">Composition actuelle du SIVOS<\/h3>\n\n\n\n<p class=\"wp-block-paragraph\">Ses membres sont issus des diff\u00e9rents Conseils Municipaux du groupement. La dur\u00e9e du mandat est de 6 ans.<\/p>\n\n\n\n<p class=\"wp-block-paragraph\"><em><strong>Pr\u00e9sidente<\/strong>\u00a0\u00e9lue salles d\u2019Angles : Ingrid PARTAUD<\/em><\/p>\n\n\n\n<p class=\"wp-block-paragraph\"><em><strong>Vice Pr\u00e9sidente<\/strong> \u00e9lue Angeac-Champagne\u00a0: Evelyne RIFFAUD<\/em><\/p>\n\n\n\n<p class=\"wp-block-paragraph\"><em><strong>Vice Pr\u00e9sidente<\/strong> \u00e9lue Saint Fort\u00a0: Jo\u00eblle PINAUD<\/em><\/p>\n\n\n\n<p class=\"wp-block-paragraph\"><em>D\u00e9l\u00e9gu\u00e9s titulaires&nbsp;: Marine VERGNET (SA), Marine LOISEAU (SA), Christelle TAPHANEL(AC), V\u00e9ronique LAVOIX (SF)<\/em><\/p>\n\n\n\n<p class=\"wp-block-paragraph\"><em>D\u00e9l\u00e9gu\u00e9s suppl\u00e9ants\u00a0: Christine BONNORON (SA), Alexandra NADAUD (AC), Magalie AMYOT MABILAIS (SF)<\/em><\/p>\n\n\n\n<p class=\"wp-block-paragraph\">Secr\u00e9taire : Corinne BAURE-BOUTHOLEAU <\/p>\n","protected":false},"excerpt":{"rendered":"<p>L&rsquo;\u00e9cole de Salles d&rsquo;Angles fait partie du groupement scolaire du Syndicat Intercommunal \u00e0 VOcation Scolaire (SIVOS). Le SIVOS Cr\u00e9er en 2017, le SIVOS est financ\u00e9 par les communes d\u2019Angeac-Champagne, Salles-d\u2019Angles et Saint-Fort-sur-le-N\u00e9. Le SIVOS g\u00e8re les cantines, les garderies et la navette qui relie les trois \u00e9coles (organisation et financement), notamment gr\u00e2ce \u00e0 l&#8217;emploi de [&hellip;]<\/p>\n","protected":false},"author":2,"featured_media":7088,"parent":103,"menu_order":0,"comment_status":"closed","ping_status":"closed","template":"","meta":{"footnotes":""},"class_list":["post-6930","page","type-page","status-publish","has-post-thumbnail","hentry"],"_links":{"self":[{"href":"https:\/\/sallesdangles.com\/index.php\/wp-json\/wp\/v2\/pages\/6930","targetHints":{"allow":["GET"]}}],"collection":[{"href":"https:\/\/sallesdangles.com\/index.php\/wp-json\/wp\/v2\/pages"}],"about":[{"href":"https:\/\/sallesdangles.com\/index.php\/wp-json\/wp\/v2\/types\/page"}],"author":[{"embeddable":true,"href":"https:\/\/sallesdangles.com\/index.php\/wp-json\/wp\/v2\/users\/2"}],"replies":[{"embeddable":true,"href":"https:\/\/sallesdangles.com\/index.php\/wp-json\/wp\/v2\/comments?post=6930"}],"version-history":[{"count":4,"href":"https:\/\/sallesdangles.com\/index.php\/wp-json\/wp\/v2\/pages\/6930\/revisions"}],"predecessor-version":[{"id":11333,"href":"https:\/\/sallesdangles.com\/index.php\/wp-json\/wp\/v2\/pages\/6930\/revisions\/11333"}],"up":[{"embeddable":true,"href":"https:\/\/sallesdangles.com\/index.php\/wp-json\/wp\/v2\/pages\/103"}],"wp:featuredmedia":[{"embeddable":true,"href":"https:\/\/sallesdangles.com\/index.php\/wp-json\/wp\/v2\/media\/7088"}],"wp:attachment":[{"href":"https:\/\/sallesdangles.com\/index.php\/wp-json\/wp\/v2\/media?parent=6930"}],"curies":[{"name":"wp","href":"https:\/\/api.w.org\/{rel}","templated":true}]}}

<p class="wp-block-paragraph">L&rsquo;école de Salles d&rsquo;Angles fait partie du groupement scolaire du <strong>Syndicat Intercommunal à VOcation Scolaire</strong> (SIVOS).</p>



<h2 class="wp-block-heading">Le SIVOS</h2>



<p class="wp-block-paragraph">Créer en 2017, le SIVOS est financé par les communes d’Angeac-Champagne, Salles-d’Angles et Saint-Fort-sur-le-Né.</p>



<p class="wp-block-paragraph">Le SIVOS gère les cantines, les garderies et la navette qui relie les trois écoles (organisation et financement), notamment grâce à l&#8217;emploi de 10 agents de services aux écoles.</p>



<p class="wp-block-paragraph">Il prend en charge des fournitures scolaires, du matériel pédagogique, audiovisuel et informatique. </p>



<p class="wp-block-paragraph">Il participe financièrement aux voyages et sortie scolaires ainsi qu&rsquo;aux projets scolaires (achats de jeux pour la récréation).</p>



<p class="wp-block-paragraph">Chaque année, le SIVOS offre un jeu de société par classe et des friandises à la période de Noël, et un livre à chaque élève en fin d&rsquo;année scolaire.</p>



<p class="wp-block-paragraph" style="font-size:24px"><strong>Les coordonnées du SIVOS</strong></p>



<p class="wp-block-paragraph">Adresse du Secrétariat : <em>8 bis Rue des Portes 16130 Saint Fort</em></p>



<p class="wp-block-paragraph"></p>



<p class="wp-block-paragraph">Téléphone: 07 43 03 24 90</p>



<p class="wp-block-paragraph">Mail secrétariat : <a href="mailto:sivos.acsasf@orange.fr">sivos.acsasf@orange.fr</a></p>



<p class="wp-block-paragraph">Mail présidente: <a href="mailto:ingrid.partaud@orange.fr"><em>ingrid.partaud@orange.fr</em></a></p>



<h3 class="wp-block-heading">Répartition des classes par établissement scolaire</h3>



<ul class="wp-block-list">
<li>Angeac-Champagne
<ul class="wp-block-list">
<li>Quatre niveaux de maternelle répartis dans deux classes</li>
</ul>
</li>



<li>Saint-Fort-sur-le-Né
<ul class="wp-block-list">
<li>Une classe regroupant CP </li>
</ul>
</li>



<li>Salles-d’Angles
<ul class="wp-block-list">
<li>Quatre niveaux ( CE1, CE2, CM1 et CM2) répartis dans deux classes</li>
</ul>
</li>
</ul>



<h3 class="wp-block-heading">Composition actuelle du SIVOS</h3>



<p class="wp-block-paragraph">Ses membres sont issus des différents Conseils Municipaux du groupement. La durée du mandat est de 6 ans.</p>



<p class="wp-block-paragraph"><em><strong>Présidente</strong> élue salles d’Angles : Ingrid PARTAUD</em></p>



<p class="wp-block-paragraph"><em><strong>Vice Présidente</strong> élue Angeac-Champagne : Evelyne RIFFAUD</em></p>



<p class="wp-block-paragraph"><em><strong>Vice Présidente</strong> élue Saint Fort : Joëlle PINAUD</em></p>



<p class="wp-block-paragraph"><em>Délégués titulaires&nbsp;: Marine VERGNET (SA), Marine LOISEAU (SA), Christelle TAPHANEL(AC), Véronique LAVOIX (SF)</em></p>



<p class="wp-block-paragraph"><em>Délégués suppléants : Christine BONNORON (SA), Alexandra NADAUD (AC), Magalie AMYOT MABILAIS (SF)</em></p>



<p class="wp-block-paragraph">Secrétaire : Corinne BAURE-BOUTHOLEAU </p>

<p>L&rsquo;école de Salles d&rsquo;Angles fait partie du groupement scolaire du Syndicat Intercommunal à VOcation Scolaire (SIVOS). Le SIVOS Créer en 2017, le SIVOS est financé par les communes d’Angeac-Champagne, Salles-d’Angles et Saint-Fort-sur-le-Né. Le SIVOS gère les cantines, les garderies et la navette qui relie les trois écoles (organisation et financement), notamment grâce à l&#8217;emploi de [&hellip;]</p>
